 remainder when 24535 is divided by 4089.
1
Calculate the remainder when 23717 is divided by 540.
497
What is the remainder when 8001 is divided by 117?
45
Calculate the remainder when 855741 is divided by 7314.
3
Calculate the remainder when 2356 is divided by 13.
3
What is the remainder when 2350310 is divided by 138253?
9
Calculate the remainder when 1417680 is divided by 354419.
4
Calculate the remainder when 54759 is divided by 10950.
9
Calculate the remainder when 22501 is divided by 416.
37
What is the remainder when 79859 is divided by 159?
41
What is the remainder when 13587 is divided by 86?
85
Calculate the remainder when 28562 is divided by 866.
850
Calculate the remainder when 30742 is divided by 15369.
4
Calculate the remainder when 4266 is divided by 781.
361
Calculate the remainder when 1461 is divided by 614.
233
What is the remainder when 12366 is divided by 6?
0
Calculate the remainder when 885817 is divided by 294.
289
Calculate the remainder when 8722 is divided by 45.
37
Calculate the remainder when 29979 is divided by 4986.
63
What is the remainder when 19317 is divided by 119?
39
Calculate the remainder when 665438 is divided by 8.
6
Calculate the remainder when 29224 is divided by 25.
24
Calculate the remainder when 1669 is divided by 754.
161
What is the remainder when 2565 is divided by 2490?
75
Calculate the remainder when 126883 is divided by 42267.
82
What is the remainder when 460587 is divided by 30705?
12
Calculate the remainder when 60706 is divided by 413.
408
Calculate the remainder when 1778 is divided by 357.
350
Calculate the remainder when 109218 is divided by 79.
40
Calculate the remainder when 10424 is divided by 262.
206
What is the remainder when 39705 is divided by 19810?
85
What is the remainder when 13768 is divided by 1376?
8
Calculate the remainder when 19024 is divided by 414.
394
What is the remainder when 1802 is divided by 1792?
10
Calculate the remainder when 31263 is divided by 546.
141
What is the remainder when 185341 is divided by 1059?
16
What is the remainder when 890901 is divided by 14?
11
Calculate the remainder when 13010 is divided by 638.
250
Calculate the remainder when 104712 is divided by 13.
10
Calculate the remainder when 9292 is divided by 144.
76
Calculate the remainder when 24470 is divided by 81.
8
What is the remainder when 10104 is divided by 2020?
4
Calculate the remainder when 26368 is divided by 8738.
154
What is the remainder when 9285 is divided by 438?
87
What is the remainder when 31267 is divided by 85?
72
Calculate the remainder when 884 is divided by 441.
2
Calculate the remainder when 33239 is divided by 2077.
7
Calculate the remainder when 2362 is divided by 14.
10
Calculate the remainder when 488426 is divided by 8880.
26
What is the remainder when 65934 is divided by 10988?
6
What is the remainder when 522 is divided by 163?
33
Calculate the remainder when 86679 is divided by 28871.
66
What is the remainder when 42292 is divided by 846?
838
What is the remainder when 27196 is divided by 34?
30
Calculate the remainder when 256358 is divided by 8.
6
Calculate the remainder when 30622 is divided by 3401.
13
What is the remainder when 8416 is divided by 215?
31
What is the remainder when 102113 is divided by 14?
11
Calculate the remainder when 334690 is divided by 7.
6
Calculate the remainder when 57609 is divided by 7191.
81
What is the remainder when 101907 is divided by 43?
40
Calculate the remainder when 3372 is divided by 480.
12
What is the remainder when 126006 is divided by 31500?
6
Calculate the remainder when 2597470 is divided by 1392.
1390
Calculate the remainder when 88255 is divided by 44111.
33
What is the remainder when 4617 is divided by 2264?
89
What is the remainder when 21345 is divided by 10?
5
Calculate the remainder when 2494 is divided by 660.
514
Calculate the remainder when 47977 is divided by 165.
127
What is the remainder when 4025 is divided by 235?
30
What is the remainder when 580766 is divided by 25?
16
Calculate the remainder when 34567 is divided by 8641.
3
Calculate the remainder when 34680 is divided by 102.
0
What is the remainder when 80768 is divided by 59?
56
Calculate the remainder when 179821 is divided by 2900.
21
What is the remainder when 152690 is divided by 7?
6
Calculate the remainder when 234670 is divided by 5457.
19
What is the remainder when 22770 is divided by 11377?
16
Calculate the remainder when 11931 is divided by 5942.
47
What is the remainder when 1305 is divided by 324?
9
What is the remainder when 14969 is divided by 65?
19
What is the remainder when 5283 is divided by 1320?
3
What is the remainder when 5504 is divided by 1114?
1048
Calculate the remainder when 21105 is divided by 6611.
1272
Calculate the remainder when 3159 is divided by 89.
44
Calculate the remainder when 478 is divided by 343.
135
What is the remainder when 6277 is divided by 23?
21
What is the remainder when 7440 is divided by 182?
160
Calculate the remainder when 10306 is divided by 343.
16
Calculate the remainder when 18230 is divided by 212.
210
Calculate the remainder when 20333 is divided by 10141.
51
What is the remainder when 912 is divided by 27?
21
What is the remainder when 2853122 is divided by 14?
6
What is the remainder when 362 is divided by 131?
100
What is the remainder when 41441 is divided by 20305?
831
What is the remainder when 6240 is divided by 189?
3
Calculate the remainder when 830 is divided by 767.
63
What is the remainder when 2400 is divided by 126?
6
Calculate the remainder when 40403 is divided by 10026.
299
Calculate the remainder when 60592 is divided by 120.
112
What is the remainder when 1021 is divided by 283?
172
What is the remainder when 290268 is divided by 36283?
4
What is the remainder when 34488 is divided by 345?
333
Calculate the remainder when 20298 is divided by 4038.
108
Calculate the remainder when 162596 is divided by 54195.
11
What is the remainder when 48427 is divided by 410?
47
What is the remainder when 61190 is divided by 85?
75
What is the remainder when 252153 is divided by 632?
617
Calculate the remainder when 6316 is divided by 382.
204
What is the remainder when 1201380 is divided by 30?
0
What is the remainder when 4142 is divided by 1898?
346
What is the remainder when 113302 is divided by 144?
118
Calculate the remainder when 479627 is divided by 507.
5
Calculate the remainder when 5446 is divided by 415.
51
What is the remainder when 836 is divided by 52?
4
Calculate the remainder when 5893 is divided by 1682.
847
Calculate the remainder when 3259 is divided by 2728.
531
What is the remainder when 37054 is divided by 572?
446
Calculate the remainder when 6950 is divided by 158.
156
Calculate the remainder when 14997 is divided by 2780.
1097
What is the remainder when 29278 is divided by 244?
242
What is the remainder when 801 is divided by 336?
129
Calculate the remainder when 8885 is divided by 954.
299
What is the remainder when 1480 is divided by 1181?
299
Calculate the remainder when 10010 is divided by 1668.
2
What is the remainder when 403468 is divided by 67243?
10
What is the remainder when 6628 is divided by 72?
4
What is the remainder when 1152 is divided by 176?
96
What is the remainder when 1803 is divided by 139?
135
What is the remainder when 7581 is divided by 18?
3
What is the remainder when 4453 is divided by 495?
493
What is the remainder when 59366 is divided by 2?
0
Calculate the remainder when 8369 is divided by 45.
44
What is the remainder when 101148 is divided by 20229?
3
Calculate the remainder when 584 is divided by 10.
4
Calculate the remainder when 539517 is divided by 240.
237
Calculate the remainder when 11039 is divided by 1038.
659
Calculate the remainder when 1393 is divided by 424.
121
What is the remainder when 712128 is divided by 356054?
20
Calculate the remainder when 334670 is divided by 8581.
11
Calculate the remainder when 59330 is divided by 770.
40
Calculate the remainder when 1688 is divided by 35.
8
Calculate the remainder when 25306 is divided by 402.
382
Calculate the remainder when 2246 is divided by 2244.
2
Calculate the remainder when 43303 is divided by 59.
56
What is the remainder when 10877 is divided by 64?